39. Let f(w) = 2*w**2 - 5*w + 4. Let r be f(c). Let b(i) = -i**2 + 2*i - 2. Give b(r).
-2
Let g = -25 - -26. Let m(a) = -a**3 + 7*a**2 - 2*a + 7. Let x(k) = 3*k**3 - 20*k**2 + 6*k - 20. Let t(p) = 17*m(p) + 6*x(p). Give t(g).
1
Let r(v) = v**3 + 7*v**2 + 7*v + 1. Suppose -2*i = 6 + 6. Calculate r(i).
-5
Let k(t) = -t**2 - 2*t. Let g be 2/((-20)/(-8) + -3). Give k(g).
-8
Let h(v) = v + 2. Let b(l) = 3*l - 4. Let z be b(0). What is h(z)?
-2
Let b(q) = q + q**2 - 2 + 5 - 2. Suppose -f - 2*f = 0. Determine b(f).
1
Let u(j) = -3*j + 5 - 248*j**2 + 1 + j**3 + 243*j**2. Determine u(6).
24
Let t(f) = 2*f**2 - 5*f + 3. Suppose -3*x - 18 = -6*x. Let m be ((-2)/4)/(x/(-36)). Suppose 2*n = m*n - 3. What is t(n)?
6
Let a(b) = b**3 - 4*b**2 - 2*b + 5. Let z(f) = -f**3 - 10*f**2 - 8*f + 13. Let h be z(-9). What is a(h)?
-3
Suppose 3*u = -6 - 6. Let b(g) = g**3 + 6*g**2 + 5*g - 4. Calculate b(u).
8
Let l = -24 - -20. Let s(f) = f**3 + 3*f**2 - 7*f - 5. Determine s(l).
7
Let j(w) = 4*w**2 + w. Let v be j(-1). Let h(i) = 0*i - i + i**3 - 2 + v*i - 4*i**2. Suppose c = -3*s + 16, 0 = 2*c - c - 4*s + 12. Determine h(c).
6
Let t(q) be the second derivative of -q**5/20 + q**4/6 + q**3/2 - q**2/2 - 17*q. Let b be 5 + -1 + 2/2. Suppose 0 = p - b*p + 12. Calculate t(p).
-1
Let q = 27 + -19. Let l(w) = w - 1. What is l(q)?
7
Suppose -3*u - 1 = -4*u. Let c(o) = 2 + o + 4*o + u + 5*o**2 + o**3. Determine c(-3).
6
Let f(u) = -u**3 - 4*u**2 + 5*u - 7. Suppose 4*s = 11 - 3. Let l be ((-2)/6)/(s/30). Calculate f(l).
-7
Let r(j) = -5*j**2 - 5*j + 5. Let h(g) = 6*g**2 + 6*g - 6. Let t(m) = 4*h(m) + 5*r(m). Let p be (-4*1)/(-1 + -1). Calculate t(p).
-5
Let g(u) = u + 3. Suppose -4*o + 20 = 4*f - 2*f, -25 = -5*o + 5*f. Let l = -6 - -8. Suppose 0 = q - l*j + 4 - 1, 0 = o*q - 3*j + 15. Calculate g(q).
0
Let l(b) = 5*b + 1. Let k(a) = 6*a. Let y(o) = -4*k(o) + 5*l(o). Suppose 5*w = -t - 6, -12 = -4*t - t - 4*w. Suppose -m - t*m = 0. Give y(m).
5
Let i(y) = -y**2 + 2*y + 1. Let g(o) = -o**2 + 6*o + 6. Let x be g(7). Calculate i(x).
-2
Let u(k) = -k**3 + 2*k**2 - k + 2. Let j be u(2). Suppose 2*b - 6 + j = 0. Suppose -4*c = -b*c - 2. Let l(m) = m**3 - 3*m + 3. Give l(c).
5
Let s(f) be the first derivative of 0*f - 2 - 4/3*f**3 + 1/2*f**2. Calculate s(-1).
-5
Let h(p) = -p**3 - p**2. Let b(c) = -6*c**3 - 4. Let n(g) = -b(g) + 5*h(g). Determine n(5).
4
Let p = 31 + 19. Let o be (-10)/p + (-2)/(-10). Let h(m) be the third derivative of m**6/120 - m**5/60 - 11*m**3/6 - m**2. Determine h(o).
-11
Let h(s) = 3*s - 2. Let p(r) be the first derivative of -2*r**2 + 3*r + 2. Let w(n) = -6*h(n) - 5*p(n). Suppose -2*q - 2 = -6. Give w(q).
1
Let l(t) be the second derivative of -t**4/6 + t**3/2 + t. Suppose 0 = -a + 4*a + 2*c - 4, 0 = -4*a + 3*c + 11. What is l(a)?
-2
Suppose -16 = 4*f - 0*f, 4*f + 40 = 4*p. Suppose 2*b = -b + p. Let m(y) = 2*y - y**2 - y + 4*y**b. Give m(-1).
2
Let w(a) be the third derivative of -a**6/120 + a**5/20 + 5*a**4/24 - a**3/3 - a**2. Let l be w(4). Let n(t) = -3*t**2 + 3*t - 1. What is n(l)?
-7
Let z(k) = -2*k**2 + 5*k - 2. Let v(g) = g**3 + 9*g**2 - 2. Let a be v(-9). Let x(f) = f**2 - 1. Let l be x(a). Determine z(l).
-5
Let p(f) = f**2 + f. Let v = -5 + 8. Let a = 3 - v. What is p(a)?
0
Let d(i) be the second derivative of 2*i + 1/6*i**3 + 3/2*i**2 + 0. Determine d(-6).
-3
Let u = 5 - -1. Let j = 11 - u. Let g(t) = t**2 - 5*t - 6. Determine g(j).
-6
Let o = -9 - -15. Suppose -5*t + 2*t = -o. Let j(s) = 6 - 2*s**t - s - 4*s + s**2. Determine j(-5).
6
Let i(s) = -s**2 + 6*s - 5. Let u = 16 + -11. What is i(u)?
0
Let y(c) = -3*c + 3*c + 3*c + 0*c - 1. Determine y(1).
2
Let m(g) = g**3 - 10*g**2 + 12*g + 15. Let r(j) = j**3 - 10*j**2 + 11*j + 14. Let x(a) = -4*m(a) + 5*r(a). What is x(9)?
-8
Suppose -2*t - 3*b = 8, 0 = 5*t - 3*t + 4*b + 12. Let j(f) = f**2 + 2*f - 3. Give j(t).
5
Suppose -2*r + 12 = 3*r + 2*v, r - 3*v = 16. Let g(z) = z**2 - 5*z + 2. Calculate g(r).
-2
Let t(b) = -b**3 - b**2 + 2*b + 2. Let r be 3*2*6/(-18). Calculate t(r).
2
Let u(x) be the first derivative of 2*x**3/3 - x**2/2 - x - 12. Give u(-1).
2
Let r(x) = -x**2 - x - 4. Let q be (-3)/30*-4*-20. Let b be q/28 - (-2)/7. Give r(b).
-4
Let d(x) = x - 1. Let u(j) = -3*j. Let f be u(-1). Let q = f - -1. Suppose -q*s + 6 = 3*a, -2*s - 2*a - a = 0. Give d(s).
2
Let n = -7 - -11. Suppose 0 + 2 = v - 2*t, 0 = 5*v - n*t + 8. Let c(u) = 5*u - 25. Let k(z) = z - 6. Let h(g) = 2*c(g) - 9*k(g). Determine h(v).
0
Let v(s) = s**2 + 12*s + 8. Let d be v(-11). Let f(x) be the second derivative of 2*x**3/3 + x**2 - 7*x. What is f(d)?
-10
Let k be 1*1/2*6. Let u(i) = -2*i**3 - 1 - 4*i**k - i**2 + 3*i**3 + 3*i + 2*i**3. Let n(t) = 2*t**3 + t**2 - 1. Let z be n(1). What is u(z)?
-7
Let k be (-2 + 3)/(1 + 0). Let c(m) = 3*m**2 + m. Let a be c(k). Suppose r + 6 = -2*s + 4, -a*r + 2*s + 12 = 0. Let b(q) = -2*q + 3. Give b(r).
-1
Let i(u) = -u**2 - 3*u - 3. Suppose f + 40 = -3*q, -5*f = 3*q + 2*q + 60. Let a = -7 - q. Suppose 5*c - a = -22. Determine i(c).
-3
Let c(o) = o - 1. Suppose -f = 3*f - 36. Suppose 2*i - n = -3*i + f, -2*i + 3*n = -14. What is c(i)?
0
Let l(d) = -10*d. Let x(f) = -12*f + 1. Let g(c) = 4*l(c) - 3*x(c). Give g(7).
-31
Let o(k) = k**3 - 8*k**2 + 6*k - 8. Let g(m) = m**2 - m + 1. Let l(h) = 3*g(h) + o(h). Give l(4).
-9
Let a(z) = 2*z**3 + 4*z**2 + 4*z + 2. Let q be a(-2). Let w(i) = -7*i - 18. Let d(u) = -13*u - 34. Let m(r) = -6*d(r) + 11*w(r). What is m(q)?
0
Let j(c) = -10*c**2 - c + 1. Suppose -3*w + 4*w - 1 = 0. Determine j(w).
-10
Let c(z) = -2*z - 5. Let v(p) = -p - 4. Let g(n) = 3*c(n) - 4*v(n). Let h(o) = 2*o**2 + 14*o + 4. Let x be h(-7). Calculate g(x).
-7
Suppose 3*u = 4*t - 27, 3*t + 0*u = -5*u + 13. Let c(j) = -6*j + 2. Let y(o) = -5*o + 3. Let g(q) = 4*c(q) - 5*y(q). Give g(t).
-1
Let h(a) be the second derivative of a**3/3 - 4*a**2 - 25*a. What is h(7)?
6
Let m(p) = -15*p - 177. Let n(w) = 11*w + 41. Let o(f) = -7*f - 27. Let s(t) = 5*n(t) + 8*o(t). Let q(z) = 2*m(z) - 33*s(z). What is q(-6)?
-9
Let t(x) be the third derivative of x**5/15 + x**4/24 + 19*x**2. Calculate t(-1).
3
Suppose 3*y + 11 - 20 = 0. Let v(z) = 4*z - 1. Determine v(y).
11
Let p(h) be the first derivative of 5/2*h**2 + 1/3*h**3 - h + 3. Determine p(-5).
-1
Let o(r) = -r**3 - r**2 + 2*r. Let n = -6 - 0. Let x = 10 + n. Suppose -2*a = 2*w - 3*w - 4, x*w = -4*a - 4. Give o(w).
0
Let i(v) = -7*v - 2*v - v**3 + 8 + v + 8*v**2. Give i(7).
1
Let x = 36 + -51. Let t be (-5)/x*(-12)/(-1). Let b(o) = o**3 - 4*o**2 - 2*o - 1. Give b(t).
-9
Suppose -2*z = -3*h - 13, 5*h + 21 + 4 = 4*z. Let i(n) = n + 4*n + 3*n + 2*n. Calculate i(h).
-10
Let q(j) = j - 6. Suppose 14 = r + r. Let l be q(r). Let x(z) = 9*z**3 - z**2. Determine x(l).
8
Suppose -5*m + 4 = -m. Let t = -1 - -3. Let q be 0 - (t + m + 2). Let r(z) = z**3 + 6*z**2 + 4*z - 3. Give r(q).
2
Let x = 60 + -61. Let c(t) be the third derivative of -t**5/60 - t**4/24 + t**3/6 - t**2. Calculate c(x).
1
Let p(c) be the second derivative of c**7/840 + c**6/360 + c**5/120 - 7*c**4/24 - c**3/6 + c. Let h(r) be the second derivative of p(r). Determine h(0).
-7
Suppose -1 = -y - 17. Let h be y/(-3) + (-2)/6. Let d(x) = x**3 - 5*x**2 + x - 4. Determine d(h).
1
Let k(t) = -3*t**3 - t**2 - 3*t - 1. Let r be k(-1). Let y(j) = j**3 - 4*j**2 + j + 1. What is y(r)?
5
Let f(u) be the third derivative of -7*u**5/60 + u**4/24 + u**3/6 + u**2. Determine f(-1).
-7
Let u(v) be the second derivative of v**5/20 - v**3/6 + 3*v**2 - 3*v. Give u(0).
6
Let v(p) be the second derivative of -7*p**4/6 - 5*p**3/6 + 3*p**2 + 3*p. Let q(t) = -t**2 - t + 1. Let a(b) = 5*q(b) - v(b). Give a(-1).
8
Let p(r) be the second derivative of -2*r**5/5 - r**4/12 + r**3/6 - 2*r. Suppose 3*f - 23 = 5*i, -2*f - 2*f - 12 = 4*i. Determine p(f).
-8
Let v(o) = o + 746 - 2*o - 747. Give v(-3).
2
Let i(r) = 6*r. Let g(z) = -z - 4. Suppose 4*j + 4*v + 40 = 2*v, 3*j + 3*v + 36 = 0. Let x be g(j). Suppose b = -4*o + 4, -x*b = o - 1 - 0. Give i(o).
6
Let z be (3/9)/(3/9). Let t(k) = 12*k - 1. Calculate t(z).
11
Let t(s) = 0*s**2 - 6*s**3 + 4*s + 3*s**3 - s**2 + 3. Determine t(-2).
15
Let c(i) = 0*i**3 + 8 + 0*i - 6*i**2 - i**3 + 2*i - 3*i. What is c(-6)?
14
Let z(x) = x**3 + 2*x**2 - 3*x - 3. Let a(g) = -g. Let c be a(-8). Let m